{"id":110,"date":"2020-03-24T20:17:16","date_gmt":"2020-03-24T19:17:16","guid":{"rendered":"http:\/\/www.santalices.net\/blog\/?page_id=110"},"modified":"2023-07-15T11:41:08","modified_gmt":"2023-07-15T10:41:08","slug":"balance-de-blancos","status":"publish","type":"page","link":"http:\/\/www.santalices.net\/blog\/indice\/indice-2\/balance-de-blancos\/","title":{"rendered":"Balance de blancos"},"content":{"rendered":"\n<p>La funci\u00f3n del balance de blancos, es conseguir una representaci\u00f3n de los colores lo mas natural posible en cualquier condici\u00f3n de luz. Para  ello disponemos de distintas estrategias o tipos de balance de blancos. <\/p>\n\n\n\n<p>Para entender mejor que es el balance de blancos, primero  tenemos que entender que es la temperatura del color y la relaci\u00f3n entre luz y color. Por eso es importante que primero hay\u00e1is le\u00eddo el  cuaderno de <a href=\"http:\/\/www.santalices.net\/blog\/indice\/la-luz-y-el-color\/\">Luz y color.<\/a> De todas formas como es un cuaderno bastante denso, igual no os apetece as\u00ed que voy a hacer un resumen muy elemental.<\/p>\n\n\n\n<p>Principios b\u00e1sicos<\/p>\n\n\n\n<ul class=\"wp-block-list\"><li>Los colores b\u00e1sicos son tres, Rojo, verde y azul (RGB en  ingles), el blanco es la suma de esos tres colores y el resto una combinaci\u00f3n de ellos en distintas proporciones. El negro no es un color sino la ausencia de luz. <\/li><li>El color que nosotros vemos en los objetos, es debido a la  luz que estos reflejan. As\u00ed un objeto rojo, nos aparece de ese color porque refleja toda o casi toda la luz roja y nada o poca verde y\/o  azul. Un objeto ser\u00e1 negro cuando no refleje ning\u00fan tipo de luz. <\/li><li>La luz blanca, es decir la normal, esta compuesta por los colores b\u00e1sicos, RGB.<\/li><li>Los colores que percibimos, dependen tanto del color original como de la luz que los ilumine. Un ejemplo claro lo tenemos en la carretera. Por la  noche en muchos tramos de carretera o en muchos t\u00faneles, se utiliza una  luz amarilla para evitar deslumbramientos y fatiga ocular. Cuando pasamos con el coche por esas zonas vemos como los colores de los veh\u00edculos se altera y un coche rojo nos aparece de un color marr\u00f3n. Un ejercicio que podemos realizar en casa es coger una  l\u00e1mpara y un folio blanco. Si cubrimos la l\u00e1mpara con un trapo rojo,  veremos como el  folio blanco adquiere un tono rojizo.            <\/li><li>No toda la luz blanca tiene la misma proporci\u00f3n de colores RGB<\/li><li>No todas las luces son blancas.<\/li><li>Las luces de temperatura de color bajas realzan los tonos amarillos y naranjas<\/li><li>Las luces de temperatura de color altas realzan los tonos azules. <\/li><\/ul>\n\n\n\n<p>Vistos estos puntos, entendemos que la luz no siempre es \nigual y en consecuencia los colores se ven alterados por esos cambios de\n la luz. <\/p>\n\n\n\n<p>Cuando us\u00e1bamos pel\u00edculas qu\u00edmicas para hacer fotograf\u00eda, era  necesario un tipo de pel\u00edcula especifico para cada tipo de luz o bien  el usar unos filtros especiales en los objetivos para modificarla. Con las c\u00e1maras digitales esto no es necesario, es la propia c\u00e1mara la que  corrige esos cambios a trav\u00e9s del balance de blancos <strong>(BW)<\/strong>.<\/p>\n\n\n\n<p><strong>Como act\u00faa el balance de blancos<\/strong><\/p>\n\n\n\n<p>Una luz dependiendo de su temperatura de color nos va a crear  una dominantes de color que ir\u00e1n en este orden: Rojo, Naranja,  Amarillo, Verde y Azul. Correspondiendo el rojo a la temperatura de color mas baja y el azul a la mas alta. La regulaci\u00f3n del BW lo que va a  intentar es corregir esas dominantes de color. <\/p>\n\n\n\n<p>\u00bfComo? pues aplicando unas dominantes inversas, as\u00ed si  tenemos una temperatura de color baja, que nos da una dominante rojiza,  buscara el amortiguar esos colores y realzar los opuestos, es decir los azules.<\/p>\n\n\n\n<p>Aqu\u00ed os dejo unas variaciones sobre una misma imagen que  muestra lo que os explico. La toma esta realizada en un d\u00eda soleado, por  lo tanto el balance de blancos correcto es el primero, luz de d\u00eda con una temperatura de color de 5.500\u00baK. Vemos las distintas variaciones de tonos que nos producen los distintos balances de blancos sobre la misma  imagen. <\/p>\n\n\n\n<figure class=\"wp-block-table\"><table class=\"\"><tbody><tr><td><a rel=\"noreferrer noopener\" href=\"\/Users\/andre\/Documents\/Santalices\/cuadernos\/balance\/imagenes\/dia_g.jpg\" target=\"_blank\"><\/a><img loading=\"lazy\" decoding=\"async\" width=\"150\" height=\"226\" class=\"wp-image-114\" style=\"width: 150px;\" src=\"http:\/\/www.santalices.net\/blog\/wp-content\/uploads\/2020\/03\/dia_p.jpg\" alt=\"\"><\/td><td><img loading=\"lazy\" decoding=\"async\" width=\"150\" height=\"226\" class=\"wp-image-136\" style=\"width: 150px;\" src=\"http:\/\/www.santalices.net\/blog\/wp-content\/uploads\/2020\/03\/sombra_p.jpg\" alt=\"\"><a rel=\"noreferrer noopener\" href=\"\/Users\/andre\/Documents\/Santalices\/cuadernos\/balance\/imagenes\/sombra_g.jpg\" target=\"_blank\"><\/a><\/td><td><img loading=\"lazy\" decoding=\"async\" width=\"150\" height=\"226\" class=\"wp-image-132\" style=\"width: 150px;\" src=\"http:\/\/www.santalices.net\/blog\/wp-content\/uploads\/2020\/03\/nublado_p.jpg\" alt=\"\"><a rel=\"noreferrer noopener\" href=\"\/Users\/andre\/Documents\/Santalices\/cuadernos\/balance\/imagenes\/nublado_g.jpg\" target=\"_blank\"><\/a><\/td><\/tr><tr><td>BW D\u00eda 5.500\u00baK<\/td><td>BW Sombra 7.500\u00baK <\/td><td>BW Nublado 6.500\u00baK <\/td><\/tr><tr><td><img loading=\"lazy\" decoding=\"async\" width=\"150\" height=\"226\" class=\"wp-image-138\" style=\"width: 150px;\" src=\"http:\/\/www.santalices.net\/blog\/wp-content\/uploads\/2020\/03\/tungteno_p.jpg\" alt=\"\"><a rel=\"noreferrer noopener\" href=\"\/Users\/andre\/Documents\/Santalices\/cuadernos\/balance\/imagenes\/tungteno_g.jpg\" target=\"_blank\"><\/a><\/td><td><a rel=\"noreferrer noopener\" href=\"\/Users\/andre\/Documents\/Santalices\/cuadernos\/balance\/imagenes\/fluo_g.jpg\" target=\"_blank\"><\/a><img loading=\"lazy\" decoding=\"async\" width=\"150\" height=\"226\" class=\"wp-image-118\" style=\"width: 150px;\" src=\"http:\/\/www.santalices.net\/blog\/wp-content\/uploads\/2020\/03\/fluo_p.jpg\" alt=\"\"><\/td><td><img loading=\"lazy\" decoding=\"async\" width=\"150\" height=\"226\" class=\"wp-image-116\" style=\"width: 150px;\" src=\"http:\/\/www.santalices.net\/blog\/wp-content\/uploads\/2020\/03\/flash_p.jpg\" alt=\"\"><a rel=\"noreferrer noopener\" href=\"\/Users\/andre\/Documents\/Santalices\/cuadernos\/balance\/imagenes\/flash_g.jpg\" target=\"_blank\"><\/a><\/td><\/tr><tr><td>BW Luz tungsteno 2.850\u00baK <\/td><td>BW Luz fluorescente 3.800\u00baK<\/td><td>BW Luz flash 5.500\u00baK <\/td><\/tr><\/tbody><\/table><\/figure>\n\n\n\n<p><em>En la primera fila tenemos los balances de luz natural. <\/em><\/p>\n\n\n\n<p>Podemos apreciar como con una temperatura de color mas alta,  destinada a una luz con una dominante mas azul, la reacci\u00f3n de la c\u00e1mara es en el sentido contrario, generar una dominante naranja para compensar. En la segunda toma que la temperatura de color es mucho mas alta existe una dominante mas anaranjada que en la tercera que la  diferencia es la mitad. <\/p>\n\n\n\n<p><em>En la segunda fila tenemos las luces artificiales.<\/em><\/p>\n\n\n\n<p> Aqu\u00ed el ejemplo es todo lo contrario, las luces artificiales tienen una temperatura de color sensiblemente mas bajas, por lo tanto generan unas dominantes rojo\/naranja. Por lo tanto la c\u00e1mara act\u00faa en el  sentido opuesto, reduce los rojos\/naranjas y acent\u00faa los azules y verdes. Cuando la diferencia de temperatura es mayor mas acentuado son las diferencias de tonalidad azulada. <\/p>\n\n\n\n<p> En la ultima podemos apreciar que la temperatura de color del flash es exactamente la misma que la luz d\u00eda, por lo tanto los  colores tambi\u00e9n. <\/p>\n\n\n\n<p>Estas diferencias tambi\u00e9n las podemos apreciar cuando \nrealizamos una toma en el interior de casa sin flash, vemos como siempre\n aparece una dominante anaranjada, eso es debido a que en la iluminaci\u00f3n\n del interior de las casas no solo usamos luces de tungsteno si no \nnormalmente usamos tambi\u00e9n pantallas para conseguir una iluminaci\u00f3n mas \nc\u00e1lida, colores mas anaranjados.<\/p>\n\n\n\n<p><strong>Tipos de balance de blancos. <\/strong><\/p>\n\n\n\n<p>No todas las c\u00e1maras disponen de los mismos tipos de balance \nde blancos, ni siquiera de las mismas clases de ajustes. Las mas \nsencillas solo disponen  del balance autom\u00e1tico. A medida que la c\u00e1mara \nva siendo mas completa pasan a disponer de mayores ajustes. Los mas \nusuales son: <\/p>\n\n\n\n<div class=\"wp-block-media-text alignwide\" style=\"grid-template-columns:15% auto\"><figure class=\"wp-block-media-text__media\"><img loading=\"lazy\" decoding=\"async\" width=\"76\" height=\"34\" src=\"http:\/\/www.santalices.net\/blog\/wp-content\/uploads\/2020\/03\/ico1.jpg\" alt=\"\" class=\"wp-image-119\"\/><\/figure><div class=\"wp-block-media-text__content\">\n<p> <strong>Modo autom\u00e1tico.: <\/strong>El   usado por defecto en todas las c\u00e1maras. Es valido en la mayor\u00eda de las   situaciones, aunque suele dar peque\u00f1as diferencias de color. <\/p>\n<\/div><\/div>\n\n\n\n<div class=\"wp-block-media-text alignwide\" style=\"grid-template-columns:15% auto\"><figure class=\"wp-block-media-text__media\"><img loading=\"lazy\" decoding=\"async\" width=\"59\" height=\"44\" src=\"http:\/\/www.santalices.net\/blog\/wp-content\/uploads\/2020\/03\/icono1-1.jpg\" alt=\"\" class=\"wp-image-123\"\/><\/figure><div class=\"wp-block-media-text__content\">\n<p> <strong>Luz de d\u00eda<\/strong>: Adecuado para tomas a pleno sol y d\u00edas muy luminosos. Temperatura de color 5.500\u00baK  <\/p>\n<\/div><\/div>\n\n\n\n<div class=\"wp-block-media-text alignwide\" style=\"grid-template-columns:15% auto\"><figure class=\"wp-block-media-text__media\"><img loading=\"lazy\" decoding=\"async\" width=\"59\" height=\"45\" src=\"http:\/\/www.santalices.net\/blog\/wp-content\/uploads\/2020\/03\/icono2-1.jpg\" alt=\"\" class=\"wp-image-124\"\/><\/figure><div class=\"wp-block-media-text__content\">\n<p> <strong>Sombra<\/strong>: Para d\u00edas soleados, pero cuando el motivo a fotografiar no esta directamente expuesto al sol. Temperatura de color 7.500\u00baK  <\/p>\n<\/div><\/div>\n\n\n\n<div class=\"wp-block-media-text alignwide\" style=\"grid-template-columns:15% auto\"><figure class=\"wp-block-media-text__media\"><img loading=\"lazy\" decoding=\"async\" width=\"59\" height=\"45\" src=\"http:\/\/www.santalices.net\/blog\/wp-content\/uploads\/2020\/03\/icono3-1.jpg\" alt=\"\" class=\"wp-image-125\"\/><\/figure><div class=\"wp-block-media-text__content\">\n<p> <strong>Nublado<\/strong>: Cuando la luz nos llegue filtrada a trav\u00e9s de las nubes y d\u00edas cubiertos. Temperatura de color 6.500\u00baK   <\/p>\n<\/div><\/div>\n\n\n\n<div class=\"wp-block-media-text alignwide\" style=\"grid-template-columns:15% auto\"><figure class=\"wp-block-media-text__media\"><img loading=\"lazy\" decoding=\"async\" width=\"59\" height=\"44\" src=\"http:\/\/www.santalices.net\/blog\/wp-content\/uploads\/2020\/03\/icono4-1.jpg\" alt=\"\" class=\"wp-image-126\"\/><\/figure><div class=\"wp-block-media-text__content\">\n<p> <strong>Luz de tungsteno<\/strong>: Interiores con l\u00e1mparas de incandescencia, las t\u00edpicas l\u00e1mpara dom\u00e9sticas. Temperatura de color 2.850\u00baK <\/p>\n<\/div><\/div>\n\n\n\n<div class=\"wp-block-media-text alignwide\" style=\"grid-template-columns:15% auto\"><figure class=\"wp-block-media-text__media\"><img loading=\"lazy\" decoding=\"async\" width=\"59\" height=\"43\" src=\"http:\/\/www.santalices.net\/blog\/wp-content\/uploads\/2020\/03\/icono5-1.jpg\" alt=\"\" class=\"wp-image-127\"\/><\/figure><div class=\"wp-block-media-text__content\">\n<p> <strong>Luz de fluorescente<\/strong>: Interiores iluminados con luces  fluorescentes, ojo pues las l\u00e1mparas ahorradoras son tambi\u00e9n de tipo  fluorescente. Temperatura de color 3.800\u00baK  <\/p>\n<\/div><\/div>\n\n\n\n<div class=\"wp-block-media-text alignwide\" style=\"grid-template-columns:15% auto\"><figure class=\"wp-block-media-text__media\"><img loading=\"lazy\" decoding=\"async\" width=\"59\" height=\"43\" src=\"http:\/\/www.santalices.net\/blog\/wp-content\/uploads\/2020\/03\/icono6-1.jpg\" alt=\"\" class=\"wp-image-128\"\/><\/figure><div class=\"wp-block-media-text__content\">\n<p> <strong>Luz de flash<\/strong>: Siempre que utilicemos la luz del flash,  salvo cuando lo usemos de relleno en retratos de exterior. Temperatura  de color 5.500\u00baK <\/p>\n<\/div><\/div>\n\n\n\n<div class=\"wp-block-media-text alignwide\" style=\"grid-template-columns:15% auto\"><figure class=\"wp-block-media-text__media\"><img loading=\"lazy\" decoding=\"async\" width=\"76\" height=\"34\" src=\"http:\/\/www.santalices.net\/blog\/wp-content\/uploads\/2020\/03\/ico3.jpg\" alt=\"\" class=\"wp-image-121\"\/><\/figure><div class=\"wp-block-media-text__content\">\n<p> <strong>Balance de blanco personalizado<\/strong>: Nos permite hacer un  ajuste personalizado del balance de blancos por medio de una cartulina blanca o de un gris neutro. Es la opci\u00f3n que nos permite un ajuste mas real pero al mismo tiempo menos vers\u00e1til pues es un ajuste  extremadamente fino y hay que cambiarlo en cuanto cambian m\u00ednimamente las condiciones de luz.  <\/p>\n<\/div><\/div>\n\n\n\n<div class=\"wp-block-media-text alignwide\" style=\"grid-template-columns:15% auto\"><figure class=\"wp-block-media-text__media\"><img loading=\"lazy\" decoding=\"async\" width=\"76\" height=\"34\" src=\"http:\/\/www.santalices.net\/blog\/wp-content\/uploads\/2020\/03\/ico4.jpg\" alt=\"\" class=\"wp-image-122\"\/><\/figure><div class=\"wp-block-media-text__content\">\n<p> <strong>Balance de blancos por temperatura de color: <\/strong>Hasta  hace poco un ajuste reservado a las c\u00e1maras profesionales, pero cada vez mas usual en c\u00e1maras de gama media. Permite un ajuste  extremadamente fino, pero nos condiciona conocer los grados Kelvin de la luz, por lo que solo es valida para estudio cuando conocemos la temperatura de color exacta de las l\u00e1mparas que usamos.  <\/p>\n<\/div><\/div>\n\n\n\n<p><em>Las temperaturas de color son a nivel orientativo, ya que el valor exacto puede cambiar de una c\u00e1mara a otra.<\/em><\/p>\n\n\n\n<p><strong>\u00bfQue modo usar?<\/strong> <\/p>\n\n\n\n<p>Eso es lo que vamos a intentar ver. Evidentemente lo mas  f\u00e1cil es usar el autom\u00e1tico, que sea la c\u00e1mara la que solucione la situaci\u00f3n, pero siempre tenemos el mismo problema con los automatismos, a veces no funciona adecuadamenteobtendremos mejores resultados con los otros  modos. <\/p>\n\n\n\n<p>Mi primer consejo es usar los modos preconfigurados, es un \nsistema sencillo, r\u00e1pido y da buenos resultados, mejores que el \nautom\u00e1tico por descontado.<\/p>\n\n\n\n<p>Pasemos a ver un ejemplo real, las siguientes im\u00e1genes est\u00e1n tomadas el mismo d\u00eda con pocos instantes de diferencia mucha luz pero mucha nube tambien<\/p>\n\n\n\n<div class=\"wp-block-media-text alignwide\"><figure class=\"wp-block-media-text__media\"><img loading=\"lazy\" decoding=\"async\" width=\"300\" height=\"199\" src=\"http:\/\/www.santalices.net\/blog\/wp-content\/uploads\/2020\/03\/PICT3913.jpg\" alt=\"\" class=\"wp-image-133\"\/><\/figure><div class=\"wp-block-media-text__content\">\n<p>En esta configuramos el ajuste de de Balance de Blancos en AWB, confiando en los ajustes de la c\u00e1mara<\/p>\n<\/div><\/div>\n\n\n\n<div class=\"wp-block-media-text alignwide\"><figure class=\"wp-block-media-text__media\"><img loading=\"lazy\" decoding=\"async\" width=\"300\" height=\"199\" src=\"http:\/\/www.santalices.net\/blog\/wp-content\/uploads\/2020\/03\/PICT3914.jpg\" alt=\"\" class=\"wp-image-134\"\/><\/figure><div class=\"wp-block-media-text__content\">\n<p>Esta en cambio pasamos a un balance de blancos de nublado<\/p>\n<\/div><\/div>\n\n\n\n<p> La diferencia no es que sea espectacular, el modo autom\u00e1tico no ha actuado mal pero nos  a dejado los colores demasiado \u00abfrios\u00bb con una cierta dominante azulada, demasiado grises. El modo Nublado en cambio nos ha dado unos colores mas  vivos, mas rales y mas  acorde a los naturales.            <\/p>\n\n\n\n<p>Muchas veces me dicen que con el modo preconfiguarado no  puedes disparar de una forma r\u00e1pida. Esto es evidente, pasa igual que  con los ajustes manuales, si buscas rapidez a la hora de disparar,  contra menos ajustes tengas que hacer mejor. Pero no somos reporteros  gr\u00e1ficos que tenemos una \u00fanica e irrepetible ocasi\u00f3n de hacer una foto. La fotograf\u00eda requiere su tiempo, como dije en el cuaderno de la composici\u00f3n  no vale el \u00abaqu\u00ed te pillo aqu\u00ed te mato\u00bb. Hay que estudiar el motivo, buscar la composici\u00f3n, seleccionar la velocidad, el diafragma y enfocar, \u00bfporque no perder unos instantes m\u00e1s en ajustar el balance de  blancos?<\/p>\n\n\n\n<p><strong>El modo autom\u00e1tico<\/strong>, es apropiado siempre que  desconocemos el tipo de iluminaci\u00f3n, cuando esta sea variable o si simplemente no queremos complicarnos la vida.<\/p>\n\n\n\n<p><strong>Los modos preconfigurados<\/strong>, validos para la  mayor\u00eda de situaciones. Permite un balance mas ajustado a la situaci\u00f3n concreta de la toma. Muchas c\u00e1maras nos permiten incluso afinar un poco mas los valores de ajuste. Lo mejor es poner el modo preconfigurado que corresponda a la situaci\u00f3n que tenemos y hacer un disparo de prueba, luego verificar en la pantalla que los colores sean lo mas parecido posible a los colores naturales que estamos viendo. <\/p>\n\n\n\n<p><strong>El Modo personalizado<\/strong>, es un m\u00e9todo bastante\n simple para ajustar el balance, lo \u00fanico que necesitamos es una \ncartulina blanca o a ser posible de un gris neutro (al 18%) y hacer un \ndisparo de ajuste enfocando en ella. En tiendas especializadas podemos \nencontrar cartulinas de colores calibradas, las de la marca Kodac son \nbastante habituales, pero son caras. <\/p>\n\n\n\n<p> Si disponemos de un  programa de dise\u00f1o tipo PhotoShop, Corel Draw o  similar, siempre podemos  construirnos una. Creamos un documento y en  modo color CYMK lo  coloreamos d\u00e1ndole los siguientes valores C 0%; Y  0%; M 0%; K 18% luego  lo imprimimos en una cartulina, no es necesario  que esta tenga un gran  tama\u00f1o con algo mayor que una tarjeta de visita  nos vale.  <\/p>\n\n\n\n<p>Es el sistema que nos va a garantizar el mejor control del \nbalance de blancos, pues siempre va a ser exacto. Muy adecuado para \ninteriores y en situaciones de iluminaci\u00f3n constante. <\/p>\n\n\n\n<p>Hay que evitar su uso en exteriores durante d\u00edas nublados, en\n estos d\u00edas la temperatura de la luz va cambiando a medida que las nubes\n van pasando por delante del sol, ya que estas no tienen siempre a misma\n densidad y esto afecta a la temperatura del color. <\/p>\n\n\n\n<p>En interiores muchas veces nos encontramos con luces de  distintos tipos o temperaturas de color distintas, en esas situaciones  es pr\u00e1cticamente imposible que la c\u00e1mara pueda interpretar de forma  correcta el balance de blancos. Es la situaci\u00f3n ideal para usar el modo personalizado. <\/p>\n\n\n\n<p>Tambi\u00e9n puede ser nos muy \u00fatil en fotograf\u00eda nocturna de paisajes urbanos, no es extra\u00f1o el encontrar situaciones en las que los  monumentos est\u00e1n iluminados con luces con fuertes dominantes de color.  Si usamos el modo personalizado podemos corregir esas dominantes y sacar  fotos muy espectaculares.<\/p>\n\n\n\n<p><strong>Ajuste por temperatura de color<\/strong>, es un  ajuste tambi\u00e9n muy fino. El mayor problema para usarlo radica en que primero necesitamos conocer la temperatura de la luz concreta de la fuente de luz. Esto solo es posible por dos sistemas, un medidor de  temperatura de luz o bien conocerla de antemano.<\/p>\n\n\n\n<p>El medidor es algo que directamente descartamos, pues son muy  caros. Conocer la temperatura de la luz  en la iluminaci\u00f3n solo es posible si usamos l\u00e1mparas calibradas y todas tienen la misma  temperatura. Esto solo ocurre en estudios de fotograf\u00eda, y aun as\u00ed  podemos tener ligeras diferencias pues las l\u00e1mparas de incandescencia van variando su temperatura en funci\u00f3n de la tensi\u00f3n y el desgaste por uso.<\/p>\n\n\n\n<p><strong>Balance de blancos y el RAW<\/strong><\/p>\n\n\n\n<p>Aunque ya hablaremos mas adelante de formatos de fotograf\u00eda, \ncreo que es necesario hacer aqu\u00ed una puntualizaci\u00f3n relativa a este \ntema.<\/p>\n\n\n\n<p>Cuando disparamos en formato RAW podemos despreocuparnos del \najuste de balance de blancos y dejarlo en ABW, pues una de las \npeculiaridades de este formato fotogr\u00e1fico es el permitir ajustar el \nbalance de blancos durante la edici\u00f3n de la foto en el ordenador. Esto \nnos permite una mayor libertad a la hora de la captura de la fotograf\u00eda.<\/p>\n\n\n\n<p><strong>Balances correctos e incorrectos.<\/strong><\/p>\n\n\n\n<p>Una vez escuche a alguien decir \u00abLo podemos hacer de la forma correcta o hacerlo bien\u00bb, es de esas frases que nadie sabe a ciencia  cierta de donde han salido, pero que muchas veces son acertadas. En  fotograf\u00eda es una m\u00e1xima que puedes llevar al limite. <\/p>\n\n\n\n<p>La fotograf\u00eda como arte nos da la libertad de experimentar, \n\u00ablas reglas est\u00e1n para romperlas\u00bb lo \u00fanico que necesitamos es conocer \nbien las herramientas de las que disponemos. <\/p>\n\n\n\n<p>Por ejemplo podemos darle a una toma un aspecto mas c\u00e1lido o mas fr\u00edo jugando con el balance de blancos<\/p>\n\n\n\n<div class=\"wp-block-image\"><figure class=\"aligncenter size-large\"><img loading=\"lazy\" decoding=\"async\" width=\"200\" height=\"263\" src=\"http:\/\/www.santalices.net\/blog\/wp-content\/uploads\/2020\/03\/azul_p.jpg\" alt=\"\" class=\"wp-image-112\"\/><\/figure><\/div>\n\n\n\n<div class=\"wp-block-image\"><figure class=\"aligncenter size-large\"><img loading=\"lazy\" decoding=\"async\" width=\"200\" height=\"263\" src=\"http:\/\/www.santalices.net\/blog\/wp-content\/uploads\/2020\/03\/naranja_p.jpg\" alt=\"\" class=\"wp-image-130\"\/><\/figure><\/div>\n\n\n\n<p> En estas dos im\u00e1genes vemos las diferencias que podemos obtener  partiendo de una misma foto,  simplemente jugando con el balance de  blancos. En la primera hemos aplicado un balance de luz fr\u00eda 2700\u00baK,  consiguiendo unos tonos muy azulados. En la segunda obtenemos una luz  c\u00e1lida gracias a un balance de luz c\u00e1lida 5300\u00baK. Como  pod\u00e9is apreciar la diferencia entre las dos fotos es mas que sustancial, todo es cuesti\u00f3n de imaginaci\u00f3n y experimentar.  <\/p>\n","protected":false},"excerpt":{"rendered":"<p>La funci\u00f3n del balance de blancos, es conseguir una representaci\u00f3n de los colores lo mas natural posible en cualquier condici\u00f3n de luz. Para ello disponemos de distintas estrategias o tipos de balance de blancos. Para entender mejor que es el balance de blancos, primero tenemos que entender que es la temperatura del color y la &hellip; <a href=\"http:\/\/www.santalices.net\/blog\/indice\/indice-2\/balance-de-blancos\/\" class=\"more-link\">Continuar leyendo<span class=\"screen-reader-text\"> \u00abBalance de blancos\u00bb<\/span><\/a><\/p>\n","protected":false},"author":1,"featured_media":0,"parent":207,"menu_order":6,"comment_status":"closed","ping_status":"closed","template":"","meta":{"footnotes":""},"class_list":["post-110","page","type-page","status-publish","hentry"],"_links":{"self":[{"href":"http:\/\/www.santalices.net\/blog\/wp-json\/wp\/v2\/pages\/110","targetHints":{"allow":["GET"]}}],"collection":[{"href":"http:\/\/www.santalices.net\/blog\/wp-json\/wp\/v2\/pages"}],"about":[{"href":"http:\/\/www.santalices.net\/blog\/wp-json\/wp\/v2\/types\/page"}],"author":[{"embeddable":true,"href":"http:\/\/www.santalices.net\/blog\/wp-json\/wp\/v2\/users\/1"}],"replies":[{"embeddable":true,"href":"http:\/\/www.santalices.net\/blog\/wp-json\/wp\/v2\/comments?post=110"}],"version-history":[{"count":3,"href":"http:\/\/www.santalices.net\/blog\/wp-json\/wp\/v2\/pages\/110\/revisions"}],"predecessor-version":[{"id":141,"href":"http:\/\/www.santalices.net\/blog\/wp-json\/wp\/v2\/pages\/110\/revisions\/141"}],"up":[{"embeddable":true,"href":"http:\/\/www.santalices.net\/blog\/wp-json\/wp\/v2\/pages\/207"}],"wp:attachment":[{"href":"http:\/\/www.santalices.net\/blog\/wp-json\/wp\/v2\/media?parent=110"}],"curies":[{"name":"wp","href":"https:\/\/api.w.org\/{rel}","templated":true}]}}