{"id":207,"date":"2020-03-26T17:39:16","date_gmt":"2020-03-26T16:39:16","guid":{"rendered":"http:\/\/www.santalices.net\/blog\/?page_id=207"},"modified":"2023-07-15T11:40:05","modified_gmt":"2023-07-15T10:40:05","slug":"indice-2","status":"publish","type":"page","link":"http:\/\/www.santalices.net\/blog\/indice\/indice-2\/","title":{"rendered":"La fotograf\u00eda y la c\u00e1mara"},"content":{"rendered":"\n<p>Hoy en d\u00eda\nla fotograf\u00eda digital parece que ha dejado todo ese mundo mas t\u00e9cnico obsoleto,\nsolo reservado a algunos puristas y nost\u00e1lgicos que todav\u00eda disfrutan con ello\ny lo que es mejor nos hacen disfrutar a otros, pero al final a la hora de tomar\nuna foto la c\u00e1mara solo nos indica las opciones t\u00e9cnicas que tenemos, no las\ncreativas. Conocer como se comporta la toma es imprescindible para tener buenos\nresultados.<\/p>\n\n\n\n<p>Gracias a la\ninmediatez de la fotograf\u00eda digital, la afici\u00f3n a la fotograf\u00eda crece como no\nlo ha hizo nunca la fotograf\u00eda qu\u00edmica. Hoy en d\u00eda tener una c\u00e1mara de fotos\nesta al alcance de la mayor\u00eda.<\/p>\n\n\n\n<p>La \u00fanica\nintenci\u00f3n de estos cuadernos es la acercar los conocimientos b\u00e1sicos sobre\nfotograf\u00eda, a la gente que esta empezando en esta afici\u00f3n y hacerlo de una\nforma simple y entendible.<\/p>\n\n\n\n<p>As\u00ed que sin\nmas dilaciones pasemos a los cuadernos.<\/p>\n\n\n\n<h2 class=\"wp-block-heading\">LA CAPTURA\nDE LA FOTOGRAF\u00cdA<\/h2>\n\n\n\n<p>En este\nprimer grupo veremos los temas relacionados con la captura de la fotograf\u00eda\ndesde la c\u00e1mara<\/p>\n\n\n\n<p><a href=\"http:\/\/www.santalices.net\/blog\/indice\/la-luz-y-el-color\/\">1\u00ba La luz y el color, \u00bfQu\u00e9 son y c\u00f3mo se comportan?<\/a><\/p>\n\n\n\n<p>Un cuaderno\nbastante t\u00e9cnico y denso donde explico los principios b\u00e1sicos de la luz y el\ncolor. Algo que considero muy importante conocer para entender como el ojo\nhumano percibe una imagen.<\/p>\n\n\n\n<p><a href=\"http:\/\/www.santalices.net\/blog\/indice\/conceptos-basicos-de-la-fotografia\/\">2\u00ba Conceptos b\u00e1sicos de la fotograf\u00eda<\/a><\/p>\n\n\n\n<p>Empezamos a\nentrar en materia. Empezamos por enumerar y explicar como funciona una c\u00e1mara y\nsus elementos principales. B\u00e1sico para poder avanzar en el conocimiento de la\nfotograf\u00eda.<\/p>\n\n\n\n<p><a href=\"http:\/\/www.santalices.net\/blog\/indice\/la-composicion\/\">3\u00ba La composici\u00f3n, normas b\u00e1sicas<\/a><\/p>\n\n\n\n<p>Una parte\nfundamental de la fotograf\u00eda es la composici\u00f3n, el saber presentar la foto de\nuna forma atractiva e interesante. Tan fundamental como que este bien expuesta.<\/p>\n\n\n\n<p><a href=\"http:\/\/www.santalices.net\/blog\/indice\/sistemas-de-medicion\/\">4\u00ba Uso de la c\u00e1mara \u2013 cap\u00edtulo 1\u00ba Sistemas de medici\u00f3n, como\nfuncionan y cual usar.<\/a><\/p>\n\n\n\n<p>Las c\u00e1maras\nactuales disponen de distintos tipos de mediciones. Importante conocerlas para\nsaber sacarles el m\u00e1ximo partido<\/p>\n\n\n\n<p><a href=\"http:\/\/www.santalices.net\/blog\/indice\/modos-de-disparo\/\">5\u00ba Uso de la c\u00e1mara \u2013 Cap\u00edtulo 2\u00ba Modos de disparo<\/a><\/p>\n\n\n\n<p>\u00bfDe qu\u00e9 nos\nsirven tantos modos de disparo? \u00bfQu\u00e9 modo usar? Este es uno de los puntos mas\nimportantes de la c\u00e1mara, es junto con la composici\u00f3n uno de los factores mas\nimportantes de la fotograf\u00eda.<\/p>\n\n\n\n<p><a href=\"http:\/\/www.santalices.net\/blog\/indice\/balance-de-blancos\/\">6\u00ba El balance de blancos<\/a><\/p>\n\n\n\n<p>Que es el\nbalance de blancos, los distintos tipos de balance de blancos y cuando usar uno\nu otro.<\/p>\n\n\n\n<p><a href=\"http:\/\/www.santalices.net\/blog\/indice\/formatos\/\">7\u00ba\nFormatos<\/a><\/p>\n\n\n\n<p>Tipos de\nformatos de imagen, sus caracter\u00edsticas, ventaja e inconvenientes.<\/p>\n\n\n\n<p><a href=\"http:\/\/www.santalices.net\/blog\/indice\/jugando-con-la-exposicion-y-las-focales\/\">8\u00ba El Histograma<\/a><\/p>\n\n\n\n<p>\u00bfQu\u00e9 es?\n\u00bfPodemos interpretar la foto desde \u00e9l?<\/p>\n\n\n\n<p><a href=\"http:\/\/www.santalices.net\/blog\/indice\/jugando-con-la-exposicion-y-las-focales\/\">9\u00ba Jugando con la exposici\u00f3n y las focales<\/a><\/p>\n\n\n\n<p>La\nexposici\u00f3n como recurso creativo. \u00bfQu\u00e9 pasa cuando variamos la velocidad o el\ndiafragma? \u00bfC\u00f3mo afecta esto a la foto? Disponemos de m\u00faltiples valores de\nexposici\u00f3n y cada uno nos va a dar una foto distinta, aprendamos a sacarles\npartido.&nbsp; Conozcamos las posibilidades de jugar con la distancia focal y\nla hiperfocal<\/p>\n\n\n\n<p><a href=\"http:\/\/www.santalices.net\/blog\/indice\/distancia-focal-y-angulo-de-vision\/\">10\u00ba Distancias focales y \u00e1ngulos de visi\u00f3n<\/a><\/p>\n\n\n\n<p>&nbsp;&nbsp;&nbsp;\nEstamos acostumbrados a conocer los objetivos desde la perspectiva de las\ndistancias focales, esto no ayuda a saber o intuir que porci\u00f3n de imagen vamos\na captar. Pero m\u00e1s importante que la distancia focal es el \u00e1ngulo de visi\u00f3n que\nnos permiten captar. en este cuaderno vamos a intentar establecer una relaci\u00f3n\nentre ambos t\u00e9rminos.<\/p>\n","protected":false},"excerpt":{"rendered":"<p>Hoy en d\u00eda la fotograf\u00eda digital parece que ha dejado todo ese mundo mas t\u00e9cnico obsoleto, solo reservado a algunos puristas y nost\u00e1lgicos que todav\u00eda disfrutan con ello y lo que es mejor nos hacen disfrutar a otros, pero al final a la hora de tomar una foto la c\u00e1mara solo nos indica las opciones &hellip; <a href=\"http:\/\/www.santalices.net\/blog\/indice\/indice-2\/\" class=\"more-link\">Continuar leyendo<span class=\"screen-reader-text\"> \u00abLa fotograf\u00eda y la c\u00e1mara\u00bb<\/span><\/a><\/p>\n","protected":false},"author":1,"featured_media":0,"parent":12,"menu_order":1,"comment_status":"closed","ping_status":"closed","template":"","meta":{"footnotes":""},"class_list":["post-207","page","type-page","status-publish","hentry"],"_links":{"self":[{"href":"http:\/\/www.santalices.net\/blog\/wp-json\/wp\/v2\/pages\/207","targetHints":{"allow":["GET"]}}],"collection":[{"href":"http:\/\/www.santalices.net\/blog\/wp-json\/wp\/v2\/pages"}],"about":[{"href":"http:\/\/www.santalices.net\/blog\/wp-json\/wp\/v2\/types\/page"}],"author":[{"embeddable":true,"href":"http:\/\/www.santalices.net\/blog\/wp-json\/wp\/v2\/users\/1"}],"replies":[{"embeddable":true,"href":"http:\/\/www.santalices.net\/blog\/wp-json\/wp\/v2\/comments?post=207"}],"version-history":[{"count":3,"href":"http:\/\/www.santalices.net\/blog\/wp-json\/wp\/v2\/pages\/207\/revisions"}],"predecessor-version":[{"id":211,"href":"http:\/\/www.santalices.net\/blog\/wp-json\/wp\/v2\/pages\/207\/revisions\/211"}],"up":[{"embeddable":true,"href":"http:\/\/www.santalices.net\/blog\/wp-json\/wp\/v2\/pages\/12"}],"wp:attachment":[{"href":"http:\/\/www.santalices.net\/blog\/wp-json\/wp\/v2\/media?parent=207"}],"curies":[{"name":"wp","href":"https:\/\/api.w.org\/{rel}","templated":true}]}}